of u?
137
Let f(k) = 35*k + 20. Suppose 3 = -23*t + 22*t. Let m(g) = 69*g + 41. Let o(c) = t*m(c) + 7*f(c). List the prime factors of o(7).
283
What are the prime factors of 5509 + -62 - (0 - -1)?
2, 7, 389
Suppose 13*s + 11 + 15 = 0. List the prime factors of (s/(40/(-25)))/(2/384).
2, 3, 5
Let o(w) = -w**3 + 2*w**2 - 26*w - 607. List the prime factors of o(-18).
17, 373
What are the prime factors of (-18055)/(-15) + 6/(-9)?
3, 401
Suppose 53*j - 50*j = 10770. What are the prime factors of j?
2, 5, 359
Let g = 193 + -190. Suppose -7*p + 6*p = 2*u - 305, -459 = -3*u - g*p. What are the prime factors of u?
2, 19
Suppose 0 = -13*h - 6*h + 17*h + 10878. What are the prime factors of h?
3, 7, 37
Suppose 4*z + 37*t = 36*t + 36249, -4*z + 36229 = -3*t. What are the prime factors of z?
13, 17, 41
Let h be 6*(-1)/(-3)*1. Suppose -p = -h*v - 10, -p - 3*v + 14 + 6 = 0. List the prime factors of p.
2, 7
Let y be (-202)/(-16) - (-1)/(8/3). Let h(g) = 46*g - 120. What are the prime factors of h(y)?
2, 239
Suppose -3*t + 55 = -0*o + o, -3*o + 137 = -5*t. Let b be (-63)/o + (-4)/(-14) - -1. Suppose b*z = -7*z + 42. What are the prime factors of z?
2, 3
Let s(v) = -276*v + 957. List the prime factors of s(-25).
3, 97
Suppose 63 - 23 = m. Let b be (-25)/m*-4*4. Suppose 0 = -b*t - 0*t + 110. What are the prime factors of t?
11
Let f = 21285 + -11084. What are the prime factors of f?
101
Let n(c) = -7*c**2 - 39*c**3 + 10*c + 29 + c + 38*c**3. Let y be n(-8). Suppose -4*o + 1176 = 4*l, y*l - 2*l - 1478 = -5*o. List the prime factors of o.
2, 149
Let i(j) be the first derivative of -5*j**3 + 22 + 4*j**3 - 2*j**2 - 2*j + 3*j**3. What are the prime factors of i(-4)?
2, 5, 11
Let o = 180 - 532. Let h = 150 - o. List the prime factors of h.
2, 251
Let m(s) be the third derivative of s**5/60 - 5*s**4/12 + 8*s**3/3 - 26*s**2. Let w be m(8). List the prime factors of -39*(3 + (-40)/12 + w).
13
Suppose -284 = 3*f - 2222. Let c = -309 + f. What are the prime factors of c?
337
Let d = -1 - -64. Let l = -58 + d. Suppose -l*c = -295 - 280. What are the prime factors of c?
5, 23
Let t be ((-306)/27)/(6/9). Let n(g) = -77*g - 68. List the prime factors of n(t).
17, 73
Let b(v) = v**3 + 5*v**2 + v + 6. Let h be b(-5). Let q be 141 - (-2 + 3 + h - -1). Let g = -62 + q. List the prime factors of g.
2, 19
Suppose -b - 11*j + 6*j + 1554 = 0, -4*j - 1599 = -b. What are the prime factors of b?
1579
Let v = -881 + 13870. List the prime factors of v.
31, 419
Let h = -29 + 34. Let q(p) = 7*p - 31. Let v be q(h). Suppose 4*c + k = -v*k + 106, -3*c + 2*k = -68. List the prime factors of c.
2, 3
Let n(q) = q**2 - 7*q + 5. Let b be n(8). Suppose 27 = b*h - 10*h. Suppose 900 = -4*c + h*c. What are the prime factors of c?
2, 3, 5
Let b(x) be the first derivative of x**4/4 + 10*x**3/3 + 17*x**2/2 + 7*x - 9. Let n = 93 + -100. What are the prime factors of b(n)?
5, 7
Let p = -21 - -11. Let j = 69 + -76. Let m = j - p. List the prime factors of m.
3
What are the prime factors of (32 - -10)/21 + (0 - -8383) + 1?
2, 7, 599
Let o = 40 + -17. Suppose -o*p = -24*p + 2. Suppose 4*c - c - 69 = 5*k, p*c + k = 33. List the prime factors of c.
2, 3
Let y be (255/(-340))/((-1 - 1)/(-2376)). What are the prime factors of (13 + y)*(12/(-8) - -1)?
439
Let p be (-2)/2 - (-250)/10. Suppose -2*o + 3*d = -p, -18 = -4*o - 2*d - 2. Suppose o*s = 233 + 145. List the prime factors of s.
3, 7
Let m(b) = 262*b - 8. Let y be m(1). Let o = 437 - y. What are the prime factors of o?
3, 61
Let c(a) = -a. Let t = 29 - 30. Let m(i) = 17*i - 29. Let w(u) = t*m(u) + c(u). List the prime factors of w(-10).
11, 19
Let w(m) = -6*m**2 + 82*m + 31. Let r be w(14). What are the prime factors of 1578/2 + (r - 6)?
2, 3, 131
Suppose 0 = 5*w - 0 + 20. Let n = 8 - w. Suppose c = 4*c + n, -4*o - 3*c = -448. What are the prime factors of o?
5, 23
Suppose 4*a + 2*o = 50, -4*a + 30 = -5*o - 55. Let l be 290/(-6) + (-1)/a*-5. Let w = l + 135. List the prime factors of w.
3, 29
Suppose -68*z + 192915 = -53*z. What are the prime factors of z?
3, 1429
Suppose 0 = -5*v + 3*d + 2*d, -3*v = 5*d - 24. Suppose v*p - 5 = 7. Suppose 2*k - 5*g = -2*g + 25, 4*k - 48 = p*g. What are the prime factors of k?
11
Let v(i) = 25 + 21 + 26 + 21*i - 65. List the prime factors of v(10).
7, 31
Let c = -2 - 0. List the prime factors of ((-206)/4)/(-1 + c/(-4)).
103
Let d(s) = 4*s + 2*s**2 + 8*s + 5*s**2 - 5*s**2. List the prime factors of d(7).
2, 7, 13
Let i = 6128 + -5432. List the prime factors of i.
2, 3, 29
Suppose -5*j = 3*o - 2745, 0 = 25*o - 24*o - 5. Let g = j - 415. What are the prime factors of g?
131
Let f(z) = -z**3 - 32*z**2 + 2*z + 68. Let i be f(-32). Suppose -2*h - 8 + 2 = 0, -i*x + 2*h + 2934 = 0. What are the prime factors of x?
2, 3, 61
Suppose -3*h = x - 1464, x - 220*h - 1454 = -218*h. List the prime factors of x.
2, 3
Suppose f - 20 = -5*p, -4*f - p + 44 = p. What are the prime factors of (2032/f)/(155/25 - 6)?
2, 127
Let r = -3955 - -21970. What are the prime factors of r?
3, 5, 1201
Let x = 1344 - -4211. List the prime factors of x.
5, 11, 101
Let c be (-2)/8 + (-6482)/(-8). Let z = 1409 - c. What are the prime factors of z?
599
Let r be (5/2)/((-1)/(-2)). Let w(t) be the second derivative of 19*t**3/3 - 7*t**2 + 2*t - 1694. List the prime factors of w(r).
2, 11
Let j = -92 - -184. Let n = j - 152. Let p = -56 - n. What are the prime factors of p?
2
Suppose -3*l + 4317 = -5*y + 1377, -5*y = -5*l + 4890. Suppose 12*f - l = 7*f. Let o = f + -3. List the prime factors of o.
2, 3
Let n(s) = 133*s**2 - 13*s - 38. Let d be n(8). Suppose d - 2325 = 15*i. What are the prime factors of i?
13, 31
Suppose 0 = -3*w - 378 + 39. Let c = 178 + w. Let l = c - 43. List the prime factors of l.
2, 11
Let i be 4/(-32) - (-665)/8 - 0. Let j = 325 - i. What are the prime factors of j?
2, 11
Let s = -394 - -4920. List the prime factors of s.
2, 31, 73
Suppose -63*p + 147*p = 314328. What are the prime factors of p?
2, 1871
Let d = -90 - -1158. Suppose -7*u + d = -u. Suppose 2*f - 3*c - 519 = -f, f - 2*c = u. What are the prime factors of f?
2, 3, 7
Let i(d) = 66464*d**2 + 164*d + 163. List the prime factors of i(-1).
66463
Suppose 0*b + 7*b - 245 = 0. Let s = b - 30. Let p(m) = 2*m**3 - m**2 - 7*m - 2. What are the prime factors of p(s)?
2, 47
Let y be (-16)/28 + 512/14. Suppose 8*m - 24068 = -y*m. List the prime factors of m.
547
Let o = -166 + 94. Let p be (-24464)/o + (-5)/(90/(-4)). Let l = 512 - p. List the prime factors of l.
2, 43
Let x be 1/(-5)*14/(-7)*10. Suppose x*d - 393 = 411. List the prime factors of d.
3, 67
Let r(w) = 15*w + 2. Let z be r(-14). Let h = z - -215. List the prime factors of h.
7
Let a(q) = -2*q**3 - 8*q**2 - 14*q - 16. Suppose -39 - 41 = 8*t. List the prime factors of a(t).
2, 331
Let h(d) = 2*d**2 + 7*d + 15. Let n(r) = -28 - 51*r + 32*r + 32*r - 2*r**2. Let x be n(4). List the prime factors of h(x).
3, 29
Let g(j) = 11*j**3 - 16*j**2 - 31*j - 188. List the prime factors of g(13).
2, 2609
Let d = 589 + -401. Let u(w) = -217*w - 10. Let l be u(-2). Let q = l - d. List the prime factors of q.
2, 59
Suppose -o - 32 = -9*o. Suppose -5*q - 8 = 3*k + 8, 0 = k - o*q - 23. Suppose -3*z + 0*a + 360 = -k*a, -3*z + 366 = 3*a. What are the prime factors of z?
11
Let m = 116099 + -81355. List the prime factors of m.
2, 43, 101
Let h = 510 + -506. Suppose -5*a + 1781 = -u, -a - 1091 = -h*a - 5*u. What are the prime factors of a?
3, 7, 17
Let j(t) = 7*t**2 - 244*t - 40. List the prime factors of j(103).
7, 7013
Suppose 0 = -d + 5*c + 561, -7*d + c + 3788 = -71. Suppose -d = -z + g, -3*g = 3*z - 1211 - 454. List the prime factors of z.
7, 79
Suppose 5*o - 6 - 19 = 5*l, -5*o + 4*l + 22 = 0. What are the prime factors of ((740/(-8) + 4)*-8)/o?
2, 3, 59
Suppose 69 = 5*p - 4*j, -2*p + 31 = -4*j - j. Let s(z) = 5*z - 24. List the prime factors of s(p).
41
Suppose 4*t + 0*q = 4*q + 48, -53 = -4*t + 5*q. Suppose 4172 = 21*g - t*g. What are the prime factors of g?
2, 149
Suppose 0 = -93*a + 87*a - 8796. List the prime factors of (-1)/((2/1)/a).
733
Suppose 38*w - 14*w + 13896 = 0. Let k = 457 - w. What are the prime factors of k?
2, 7, 37
Let k be 2/(-20) + (2 - (-5)/50). Suppose -k*v - 3*x + 848 = -2*x, 5*x = -2*v + 832. What are the prime factors of v